{"id":2866,"date":"2024-08-10T09:21:44","date_gmt":"2024-08-10T09:21:44","guid":{"rendered":"https:\/\/summermusicacademybern.ch\/?post_type=dozierende&#038;p=2866"},"modified":"2024-08-12T15:32:07","modified_gmt":"2024-08-12T15:32:07","slug":"raisa-ierone-pierre-delignies","status":"publish","type":"dozierende","link":"https:\/\/summermusicacademy.ch\/en\/dozierende\/raisa-ierone-pierre-delignies\/","title":{"rendered":"Ra\u00edsa Ierone &#038; Pierre Delignies"},"content":{"rendered":"<p>Foto: Pierre Delignies<\/p>\n<p>&nbsp;<\/p>\n<p>Das Duo Ra\u00edsa lerone (Gesang) und Pierre Delignies (Klavier) begeistert mit mit Musik auf hohem Niveau. Im aktuellen Programm &#8222;Love and Nature&#8220; befassen sie sich mit der Liebe und der Natur, sowie deren grosse Bandbreite an Gef\u00fchlen, die sie mit sich bringen.<\/p>\n<p>Die junge S\u00e4ngerin Ra\u00edsa Ierone wurde in Luzern geboren und begann ihr Studium an der Musikhochschule Luzern bei Peter Brechb\u00fchler, wo sie 2022 mit dem Strebi-Ged\u00e4chtnispreis ausgezeichnet wurde. Seit September 2022 ist sie Teil des Bieler Opernstudios an der Hochschule der K\u00fcnste Bern, wo sie bei Prof. Tanja Ariane Baumgartner ihren Master of Performance in der Fachrichtung Oper absolviert.<\/p>\n<p>2024 stand sie als Grossmutter in &#8222;Heidi feiert Weihnachten&#8220; von Fabian M\u00fcller und als Amourette in Reinhard Keisers &#8222;Ulysses&#8220; am Theater und Orchester Biel Solothurn (TOBS) auf der B\u00fchne und wird die Rolle der Serpetta in &#8222;La Finta Giardiniera&#8220; am TOBS unter der Leitung von Franco Trinca im Rahmen der Abschlussproduktion des Schweizer Opernstudios singen.<\/p>\n<p>Sie gewann 2022 den Preis der Friedl-Wald-Stiftung und stand 2023 im Finale von Elvirissima. Seit 2022 ist sie Stipendiatin der Geert und Lore Blanken-Schlemper Stiftung und seit 2023 der Rolf und Trudy Aebi-L\u00fcthy Stiftung.<\/p>\n<p><a href=\"https:\/\/www.raisaierone.com\/\">www.raisaierone.com<\/a><\/p>","protected":false},"featured_media":2867,"template":"","categories":[11],"class_list":["post-2866","dozierende","type-dozierende","status-publish","has-post-thumbnail","hentry","category-konzerte-2025"],"acf":[],"_links":{"self":[{"href":"https:\/\/summermusicacademy.ch\/en\/wp-json\/wp\/v2\/dozierende\/2866","targetHints":{"allow":["GET"]}}],"collection":[{"href":"https:\/\/summermusicacademy.ch\/en\/wp-json\/wp\/v2\/dozierende"}],"about":[{"href":"https:\/\/summermusicacademy.ch\/en\/wp-json\/wp\/v2\/types\/dozierende"}],"wp:featuredmedia":[{"embeddable":true,"href":"https:\/\/summermusicacademy.ch\/en\/wp-json\/wp\/v2\/media\/2867"}],"wp:attachment":[{"href":"https:\/\/summermusicacademy.ch\/en\/wp-json\/wp\/v2\/media?parent=2866"}],"wp:term":[{"taxonomy":"category","embeddable":true,"href":"https:\/\/summermusicacademy.ch\/en\/wp-json\/wp\/v2\/categories?post=2866"}],"curies":[{"name":"wp","href":"https:\/\/api.w.org\/{rel}","templated":true}]}}

Raísa Ierone &#038; Pierre Delignies

<p>Foto: Pierre Delignies</p>
<p>&nbsp;</p>
<p>Das Duo Raísa lerone (Gesang) und Pierre Delignies (Klavier) begeistert mit mit Musik auf hohem Niveau. Im aktuellen Programm &#8222;Love and Nature&#8220; befassen sie sich mit der Liebe und der Natur, sowie deren grosse Bandbreite an Gefühlen, die sie mit sich bringen.</p>
<p>Die junge Sängerin Raísa Ierone wurde in Luzern geboren und begann ihr Studium an der Musikhochschule Luzern bei Peter Brechbühler, wo sie 2022 mit dem Strebi-Gedächtnispreis ausgezeichnet wurde. Seit September 2022 ist sie Teil des Bieler Opernstudios an der Hochschule der Künste Bern, wo sie bei Prof. Tanja Ariane Baumgartner ihren Master of Performance in der Fachrichtung Oper absolviert.</p>
<p>2024 stand sie als Grossmutter in &#8222;Heidi feiert Weihnachten&#8220; von Fabian Müller und als Amourette in Reinhard Keisers &#8222;Ulysses&#8220; am Theater und Orchester Biel Solothurn (TOBS) auf der Bühne und wird die Rolle der Serpetta in &#8222;La Finta Giardiniera&#8220; am TOBS unter der Leitung von Franco Trinca im Rahmen der Abschlussproduktion des Schweizer Opernstudios singen.</p>
<p>Sie gewann 2022 den Preis der Friedl-Wald-Stiftung und stand 2023 im Finale von Elvirissima. Seit 2022 ist sie Stipendiatin der Geert und Lore Blanken-Schlemper Stiftung und seit 2023 der Rolf und Trudy Aebi-Lüthy Stiftung.</p>
<p><a href="https://www.raisaierone.com/">www.raisaierone.com</a></p>
