{"id":3348,"date":"2025-07-03T19:24:28","date_gmt":"2025-07-03T19:24:28","guid":{"rendered":"https:\/\/summermusicacademy.ch\/?post_type=dozierende&#038;p=3348"},"modified":"2025-07-03T19:24:28","modified_gmt":"2025-07-03T19:24:28","slug":"darina-gilmkhanova","status":"publish","type":"dozierende","link":"https:\/\/summermusicacademy.ch\/en\/dozierende\/darina-gilmkhanova\/","title":{"rendered":"Darina Gilmkhanova"},"content":{"rendered":"<div>\n<p class=\"Default\"><span lang=\"IT\">Darina Gilmkhanova stammt aus Kasan, der Hauptstadt der Republik Tatarstan, und wurde an einer Spezialmusikschule f\u00fcr besonders begabte Kinder musikalisch ausgebildet. <\/span><\/p>\n<\/div>\n<div>\n<p class=\"Default\"><span lang=\"IT\">In Moskau schloss <\/span><span lang=\"EN-US\">sie <\/span><span lang=\"IT\">2019 ihr Studium am Moskauer Staatlichen Tschaikowsky-Konservatorium ab bei Professor Alexei Nasedkin und bei Associate Professor Denis Chefanov.<\/span><\/p>\n<\/div>\n<div>\n<p class=\"Default\"><span lang=\"IT\">Darina Gilmkhanova absolvierte ihren Master in Music Performance Classic an der Hochschule der K\u00fcnste Bern in der Klasse von Professor Tomasz Herbut mit Orgel als Parallelinstrument und hat 2025 ebenfalls erfolgreich ihren Master in Musikp\u00e4dagogik mit Nebenfach Jazz abgeschlossen.<\/span><\/p>\n<\/div>\n<div>\n<p class=\"Default\"><span lang=\"IT\">Sie nahm an Meisterkursen bei Musiker:innen wie Roberto Plano, Dmitry Bashkirov, Rafael Salinas, Katarzyna Popowa-Zydro\u0144, Alasdair Beatson, Igor Cognolato und anderen teil<\/span><span lang=\"RU\">.<\/span><\/p>\n<\/div>\n<div>\n<p class=\"Default\"><span lang=\"IT\">Darina ist Gewinnerin des 1. Internationalen Alfred-Schnittke-Wettbewerbs f\u00fcr Darstellende Kunst (Kammerensemble), des 17. Internationalen Maria-Yudina-Wettbewerbs und des 5. Internationalen Alexei-Nasedkin-Wettbewerbs.<\/span><\/p>\n<\/div>\n<div>\n<p class=\"Default\"><span lang=\"IT\">In den vier Jahren, in denen sie in der Schweiz lebt, hat Darina bereits an zahlreichen Schweizer Musikprojekten teilgenommen. Dazu geh\u00f6ren u.\u202fa. ein Konzert mit Schweizer Vokalmusik mit Urauff\u00fchrungen von Leopold Dick und Jean-F. Michel sowie mehrere Auftritte beim renommierten internationalen Festival Les Jardins Musicaux, das sich durch innovative Programmgestaltung und hohe k\u00fcnstlerische Qualit\u00e4t auszeichnet. Dort wirkte sie gemeinsam mit weiteren Studierenden der HKB an der Auff\u00fchrung s\u00e4mtlicher neun Klaviersonaten von Sergei Prokofjew mit. Auch im Festivaljahr 2024 war sie beteiligt \u2013 diesmal beim Projekt mit dem vollst\u00e4ndigen Zyklus der Klaviersonaten von Alexander Skrjabin. F\u00fcr den Sommer 2025 ist die Mitwirkung an der Auff\u00fchrung aller Et\u00fcden von Fr\u00e9d\u00e9ric Chopin geplant.<\/span><\/p>\n<\/div>\n<div>\n<p class=\"Default\"><span lang=\"IT\">Darina konzertiert regelm\u00e4<\/span><span lang=\"EN-US\">ss<\/span><span lang=\"IT\">ig als Solistin und Kammermusikerin<\/span><span lang=\"RU\">. <\/span><span lang=\"EN-US\">Ausserdem <\/span><span lang=\"IT\">nimmt<\/span><span lang=\"EN-US\"> sie<\/span><span lang=\"IT\"> an Konzerten des Berner Konzertchors Canto Classico teil und spielt gelegentlich mit dem Simple Music Ensemble. Sie tritt zudem als Organistin in der Kirche Flamatt auf<\/span><span lang=\"RU\">. <\/span><\/p>\n<\/div>","protected":false},"featured_media":3349,"template":"","categories":[21],"class_list":["post-3348","dozierende","type-dozierende","status-publish","has-post-thumbnail","hentry","category-dozierende-klavierbegleitung-violine-cello"],"acf":[],"_links":{"self":[{"href":"https:\/\/summermusicacademy.ch\/en\/wp-json\/wp\/v2\/dozierende\/3348","targetHints":{"allow":["GET"]}}],"collection":[{"href":"https:\/\/summermusicacademy.ch\/en\/wp-json\/wp\/v2\/dozierende"}],"about":[{"href":"https:\/\/summermusicacademy.ch\/en\/wp-json\/wp\/v2\/types\/dozierende"}],"wp:featuredmedia":[{"embeddable":true,"href":"https:\/\/summermusicacademy.ch\/en\/wp-json\/wp\/v2\/media\/3349"}],"wp:attachment":[{"href":"https:\/\/summermusicacademy.ch\/en\/wp-json\/wp\/v2\/media?parent=3348"}],"wp:term":[{"taxonomy":"category","embeddable":true,"href":"https:\/\/summermusicacademy.ch\/en\/wp-json\/wp\/v2\/categories?post=3348"}],"curies":[{"name":"wp","href":"https:\/\/api.w.org\/{rel}","templated":true}]}}

<div>
<p class="Default"><span lang="IT">Darina Gilmkhanova stammt aus Kasan, der Hauptstadt der Republik Tatarstan, und wurde an einer Spezialmusikschule für besonders begabte Kinder musikalisch ausgebildet. </span></p>
</div>
<div>
<p class="Default"><span lang="IT">In Moskau schloss </span><span lang="EN-US">sie </span><span lang="IT">2019 ihr Studium am Moskauer Staatlichen Tschaikowsky-Konservatorium ab bei Professor Alexei Nasedkin und bei Associate Professor Denis Chefanov.</span></p>
</div>
<div>
<p class="Default"><span lang="IT">Darina Gilmkhanova absolvierte ihren Master in Music Performance Classic an der Hochschule der Künste Bern in der Klasse von Professor Tomasz Herbut mit Orgel als Parallelinstrument und hat 2025 ebenfalls erfolgreich ihren Master in Musikpädagogik mit Nebenfach Jazz abgeschlossen.</span></p>
</div>
<div>
<p class="Default"><span lang="IT">Sie nahm an Meisterkursen bei Musiker:innen wie Roberto Plano, Dmitry Bashkirov, Rafael Salinas, Katarzyna Popowa-Zydroń, Alasdair Beatson, Igor Cognolato und anderen teil</span><span lang="RU">.</span></p>
</div>
<div>
<p class="Default"><span lang="IT">Darina ist Gewinnerin des 1. Internationalen Alfred-Schnittke-Wettbewerbs für Darstellende Kunst (Kammerensemble), des 17. Internationalen Maria-Yudina-Wettbewerbs und des 5. Internationalen Alexei-Nasedkin-Wettbewerbs.</span></p>
</div>
<div>
<p class="Default"><span lang="IT">In den vier Jahren, in denen sie in der Schweiz lebt, hat Darina bereits an zahlreichen Schweizer Musikprojekten teilgenommen. Dazu gehören u. a. ein Konzert mit Schweizer Vokalmusik mit Uraufführungen von Leopold Dick und Jean-F. Michel sowie mehrere Auftritte beim renommierten internationalen Festival Les Jardins Musicaux, das sich durch innovative Programmgestaltung und hohe künstlerische Qualität auszeichnet. Dort wirkte sie gemeinsam mit weiteren Studierenden der HKB an der Aufführung sämtlicher neun Klaviersonaten von Sergei Prokofjew mit. Auch im Festivaljahr 2024 war sie beteiligt – diesmal beim Projekt mit dem vollständigen Zyklus der Klaviersonaten von Alexander Skrjabin. Für den Sommer 2025 ist die Mitwirkung an der Aufführung aller Etüden von Frédéric Chopin geplant.</span></p>
</div>
<div>
<p class="Default"><span lang="IT">Darina konzertiert regelmä</span><span lang="EN-US">ss</span><span lang="IT">ig als Solistin und Kammermusikerin</span><span lang="RU">. </span><span lang="EN-US">Ausserdem </span><span lang="IT">nimmt</span><span lang="EN-US"> sie</span><span lang="IT"> an Konzerten des Berner Konzertchors Canto Classico teil und spielt gelegentlich mit dem Simple Music Ensemble. Sie tritt zudem als Organistin in der Kirche Flamatt auf</span><span lang="RU">. </span></p>
</div>
